
-26
Evaluate 13 + (94 - -9) + 13 + (15 - 21) + -15.
108
What is the value of (-1 - 1) + (-33 - (-20 + -19)) + -40 + -15?
-51
What is the value of -50 - (34 + -113 - -30)?
-1
What is the value of (0 - (34 + -5 + -13)) + 92 - 16?
60
-108 - 4 - (2 - ((71 - 45) + -21))
-109
What is the value of 75 - (27 + -38) - 177?
-91
0 + 9 + 0 - (100 - (-414 - -475))
-30
What is (-4 - 3 - (-3 - -40 - 3)) + -7?
-48
Calculate -21 + 814 + -833 + (-2 - -38).
-4
What is the value of -382 + 396 - (134 - 20)?
-100
-49 - (-4 - (80 + -40 - 37))
-42
What is the value of 149 - 5 - (-1290 - -1571)?
-137
Evaluate -4 + 6 + 1 + 161 + -172 + 24.
16
Calculate -9 + -1 + (83 - 12 - 73) - (0 + 42).
-54
Evaluate -8 - -126 - (355 + -298).
61
Calculate -224 + 249 + (-4 - (-27 + 3)).
45
What is the value of -111 - -36 - -25 - (-12 + 6)?
-44
What is (-17 - 1) + 125 + -119 - -8?
-4
1 - 16 - -1 - ((9 - (-35 + 6)) + -118)
66
What is the value of (5 - (0 - 4)) + -39 + -3 + 1 + -4?
-36
What is 43 + (-58 - -64) - 48?
1
Evaluate 178 - (101 - -82) - ((-4 - -2) + -77).
74
Calculate 2 + (4 - (1 + 7)) + 65 - (-1109 + 1120).
52
What is 58 + 45 + (-18 - -1 - (-19 + 20))?
85
Evaluate 0 + -2 - (-55 + 67) - -9 - -17.
12
Calculate (38 - 50 - -54) + -19.
23
Calculate (2 - (-1 + -3 - 5)) + 85 + -85.
11
Evaluate -18 + 15 + 5 - (-8 + 22 - 53).
41
(7 - (0 + -2 + (7 - -1))) + (-18 - -13)
-4
Calculate (13 - 3 - -94) + -29.
75
Evaluate 32 - (22 - (7 - (-3 - 16))).
36
What is the value of 139 - 166 - (-6 + (3 - 92))?
68
What is 39 - (33 + -16 + 22 + -11)?
11
(14 - 27 - -2 - (-15 + 0)) + 0 + -21
-17
What is the value of 63 + -60 + 28 + -10?
21
1 - -9 - ((-52 - (-21 - 61)) + -14 + -2)
-4
-1 + 47 - (-7827 - -7800)
73
What is 3 + -2 + (9 - -2) + 3769 + -3762?
19
(-49 - (25 - -90)) + 112
-52
What is (1 + 1 - 100) + -16391 + 16424?
-65
Calculate 11 - 27 - (-45 + (26 - -1)).
2
What is the value of 68 - (26 - (8 - 4 - -5))?
51
Calculate 16 - (2 + 0 - 2) - (3218 - 3155).
-47
Calculate (-13 - 3) + 65 + -43 + -41.
-35
5 - (40 + 24 + -30)
-29
What is 22 - (-61 + 18) - (-8 - -3) - (1 + 4)?
65
Evaluate 0 + 2 - (212 - 204) - -16 - 11.
-1
What is -48 + -4 + 803 + -758?
-7
Evaluate 373 - 460 - (6 - 81) - (1 - (0 + -32)).
-45
What is 296 + -328 - (-1 + -2 + 3 + 0)?
-32
Evaluate (12 - (25 + -10)) + (-63 - (7 + -4 + 0)).
-69
42 + 3 + -20 + -62 + 23
-14
Evaluate 56 - (-4 - 0) - (1381 + -1380).
59
Evaluate 0 - (-7 + (46 - 64)).
25
Evaluate -7 + -41 + -21 - -51.
-18
What is the value of -16 + (99 - -51 - 104)?
30
What is (6 - 12) + 114 + -67 - -45?
86
Calculate 11 + 2 - (-24 - (-71 + (21 - 26))).
-39
-5 + 1 + 31 + (0 - 13) - 30
-16
What is 122 - (-10 + 21 - 13)?
124
What is 25 - (29 + -75 + 62)?
9
-49 - (1 + (25 - (41 - 0)))
-34
Calculate (0 - (-93 + 88)) + 1 + (100 - -4).
110
Evaluate -8 + (19 - (-7 - -16)) + (5 - 12) - -52.
47
2 + 4 + 3 + 1 - (51 - 4)
-37
What is the value of 3 - (-79 + 18 + 53)?
11
6 + (16 - 14 - -19) - (-7 + 0) - 8
26
What is -59 + ((9 - 5 - (32 - 22)) + 2 - -14)?
-49
What is (160 - 181) + (27 - -4) + (-29 - 0)?
-19
What is the value of -195 + 194 + (-1 - -2 - -2) + -3?
-1
Calculate -105 - (12 + -78) - -65.
26
Evaluate (-24 - 128) + 45 + 167.
60
Calculate (-2 + -9 - -2 - (100 - 84)) + 15.
-10
What is (4 - (11 + 4) - (-24 + 22)) + (2 - -17)?
10
What is 0 - (-60 + -5 + (16 - -2) + 3)?
44
17 + -3 + -29 + 49 + -35 + -53 + -1
-55
What is (-111 - -37) + (15 - 9)?
-68
What is the value of 4 - (27 + -15 - 30)?
22
(-1 - -8) + 24 + -4 + -6 + -218 + 200
3
Evaluate -12 + -78 + (55 - 30) + (-15 - 1).
-81
Evaluate -1 + 61 + 1452 + -1570.
-58
Evaluate 0 - (7 - 1) - (-46 + -34 + 4 + 35).
35
Calculate -50 + (41 - 0) + -29.
-38
What is the value of -1 + 2 + -4 - (68 - (203 - 55))?
77
Evaluate (-38 - 1) + (7 + 46 - 43).
-29
What is the value of 68 + (-70 - (-108 - -84))?
22
-1 + 2 + 2281 + -2301 + (0 - -12)
-7
What is the value of 3 + (18 + (10 - 17) - (-11 + 0))?
25
What is the value of -4 + 5 + -46 + 33?
-12
What is the value of -18 + 15 - (-12 - 0) - 24 - 14?
-29
What is -116 - (118 - 304) - 138?
-68
What is the value of -23 + (28 - 70) + 29 + (15 - 1)?
-22
46 + 8 + -43 - 54
-43
Evaluate -33 - ((3 - (12 - 3)) + -6 - -14 - 14).
-21
What is (-569 - -562 - (6 - 0 - (-11 - -12))) + -110?
-122
What is (7 - -2) + (-31 - -5) + 0 - -3?
-14
What is the value of 1 - -7 - (-19 - -48 - 57 - -28)?
8
Evaluate -1 - 26 - (83 + (-74 - -14)).
-50
What is 0 + (8 - 25) - -14 - (-2 - -12)?
-13
What is -3 + -1 + 3 + -225 + 223?
-3
What is -96 - -106 - 44 - -32?
-2
What is the value of 3 + (-16 - (-20 - (9 - (29 - 15))))?
2
What is 0 + -33 + (21 - 48) + 54?
-6
What is the value of (-12 - -8) + -59 + -3 + 0 + 7?
-59
Evaluate -97 + 0 + (2 - (-8 - ((3 - 3) + -5))).
-92
-10 - ((2 - (-9 + 9)) + -24 + 23)
-11
Evaluate -137 - -12 - (-212 - -123).
-36
What is the value of (-7 - -51) + 167 + -213?
-2
11 + -1 + (-252 - -212) + (1 - -33) + -81
-77
44 - 31 - (110 + -11 + -1 - (1 - -5))
-79
What is 44 - (-32 - -66) - (1 + 1 - -11)?
-3
What is the value of -46 + -1 - (2212 - 2219 - (1 - 20))?
-59
Evaluate (-64 - -14) + -226 + 220.
-56
What is the value of 40 - 34 - (4 - 1 - -1 - -1) - 65?
-64
What is the value of 59 - (-32 - -72) - 25?
-6
Calculate -372 + 273 + (4 - 16).
-111
Calculate -107 + 54 + 4 + (-3 - -9) + -9 + 7.
-45
What is the value of 78 - (-73 + 34 + 54 + -4 + -1)?
68
What is 3 + 10 + 1 + -58 + -102 + 91?
-55
Calculate -9 + -6 + (5 - (-20 + 11)) + 3 - -9.
11
Evaluate (-6029 - -6144) + (-3 - (36 - -3)).
73
Calculate (46 - (98 - 48)) + 10.
6
Calculate -552 + 571 - (-37 + 10 - -11).
35
Calculate -100 + -3 + 3 - (-19 + (14 - -1) - 2).
-94
Calculate 14 + -10 + -3 - (2 - 51).
50
What is the value of 50 + -4 + (24 - 17) + (-4 - 10) + -12?
27
Calculate -2 + -97 - (-1370 - -1318).
-47
Calculate 17 - (-28 + 18 - -13) - -9.
23
What is the value of 9 - (-18 + 1 + (148 - 105))?
-17
67 - ((43 - 46) + 46)
24
-10 - 0 - (51 + -202 - -87)
54
What is the value of 37 - 1 - (-7 - (-4 + 6) - (-3 + -10))?
32
What is the value of (-81 + 38 - -41) + (61 - (2 + -3))?
60
What is the value of 4 + -15 + -5 + 23?
7
Evaluate 1 - (14 - (-6 + (-15 - -21 - 5))).
-18
What is 0 + (-5 - 7 - -4) - (-8 + 38)?
-38
Evaluate -23 + -3 + 2 + 0 - ((-189 - -98) + 82).
-15
What is the value of 31 + -31 + -14 + 55 - -37?
78
What is the value of 16 - ((25 - 22) + (-4 - -4)) - 3 - -17?
27
Evaluate (-5 - (379 + -365 + (-8 - 1))) + (-2 - 26).
-38
-38 + (11 - -6) + (-12 - 2)
-35
What is 6 + (-5 - -7 - 49) - (250 - 248)?
-43
Calculate -185 + 167 + (4 - 2) + 36.
20
(22 - 37 - -44) + 37 + 6
72
-23 - (3 + 3 + -31 + -3)
5
What is 29 + -68 - -92 - 97?
-44
Evaluate (12 - -25) + -14 - 2 - -4.
25
What is the value of (60 - (-37 + 92)) + 125?
130
Calculate 0 - -13 - ((23 - 44) + 57 - -11).
-34
(15 - -3) + 0 - (-123 + 210 - -1)
-70
What is (-2 - -95) + 470 + -557?
6
-273 + 103 + 119 + -87
-138
What is -2 + (478 + -467 - (-77 - (3 + -3)))?
86
What is the value of (-19 - -4 - -8) + 31 - (-4 + 17)?
11
Evaluate (-1 - (166 + -171 + -11 + 1)) + 15 + -6.
23
What is (36 - (13 - -20)) + (13 - 69)?
-53
Evaluate (-2 - 67) + 11 - (-151 + 195).
-102
23 - (0 + -16 - 5 - -1)
43
Calculate -4 - ((21 - (-36 + 18)) + -6).
-37
Calculate 1275 + -1293 + 24 + -6 + 3.
3
What is -3471 + 3495 - (1 - -47)?
-24
Evaluate 110 + 4 + 8 + (641 - 687).
76
What is the value of -57 - (9 + (-16 - -5) + -8 + 11 + 0)?
-58
Evaluate 1 + -10 - ((-37 - -1) + -18 + (-2 - -6)).
41
What is the value of -306 - -200 - -74 - (1 - 24)?
-9
Calculate -12 + 130 + -275 - -48.
-109
What is -8 + (5 - (11 + -1 + -8 + 1)) - 7?
-13
What is -50 + 5 + (-4 - -8 - 16 - (37 - 47))?
-47
Evaluate -3 + (51 - (-7 + 35)).
20
What is the value of 80 - -2 - (-12 + 13 - 9 - (0 + -1))?
89
What is the value of -9 + (2 - 1) + -10 + (103 - -34 - 89)?
30
Evaluate (-5 - (27 + -23)) + -70.
-79
What is the value of 20 + (-8 - ((33 - 23) + 82))?
-80
What is (-650 - -788) + (-53 - 2)?
83
-3 + 38 + (4 - (-2 + 4)) + -3 + -3
31
What is 29 - (-229 + 225 + -1 + 18)?
16
-1 - ((-1 - (2 + -10)) + -4 - (341 + -370))
-33
Evaluate -84 - -22 - -41 - -50.
29
32 + 50 + (11 - 38) + (2 - 4)
53
Evaluate -1 + 52 + (-40 - 3 - -44).
52
What is 231 + -201 + (8 - 7) + -29?
2
What is the value of -109 + 107 + -17 + (2 - -50)?
33
What is the value of -10 + 13 + (-9 + 1 - -20 - 14) + -115?
-114
Calculate 9 + -2 + 